{"id":2,"date":"2011-12-28T15:50:35","date_gmt":"2011-12-28T15:50:35","guid":{"rendered":"http:\/\/blog.portrait-of-a-shadow.de\/?page_id=2"},"modified":"2011-12-28T16:48:46","modified_gmt":"2011-12-28T16:48:46","slug":"beispiel-seite","status":"publish","type":"page","link":"http:\/\/blog.portrait-of-a-shadow.de\/?page_id=2","title":{"rendered":"\u00dcber mich"},"content":{"rendered":"<div align=\"left\">\n<div align=\"left\">\n<p>Wer ich bin und was ich tu&#8230;das frage ich mich auch immer wieder mal \ud83d\ude42<\/p>\n<p>Grundlegend kann ich behaupten, dass die Summe meiner Entscheidungen, egal ob durchdachte oder intuitive, nicht so falsch gewesen sein k\u00f6nnen, weil die wichtigen Dinge im Leben bei mir passen.<\/p>\n<p>Ich bin geliebte Tochter, habe wenige aber richtige Freunde, ich bin gesund und hab nen festen Job.<\/p>\n<p>Das ist die Basis, alles dar\u00fcber ist chaotisch, verschoben, tragisch, langweilig, vernichtend und erhebend \u2013 gl\u00fccklicherweise hilft einem eine gute Basis \u00fcber jeden Berg!<\/p>\n<p>In meinem Leib lebt die Sehnsucht nach &#8218;etwas Anderem&#8216; seit ich angefangen habe mich ernstlich selbst wahrzunehmen (muss also irgendwann in der Pupert\u00e4t gewesen sein).<\/p>\n<p>Das &#8218;etwas Andere&#8216; beginnt bei &#8218;Hallo Ufo entf\u00fchr mich&#8216; geht \u00fcber &#8218; Hallo Spiegel verschluck mich&#8216; bis zu &#8218; Ich m\u00f6chte bitte BND Agent werden und cooler sein als James Bond&#8216;. Der aufmerksame Leser merkt da gleich, die Frau hat zuviel Fantasie.<\/p>\n<p>Das stimmt und es ist mir die gr\u00f6\u00dfte Freude und mein gr\u00f6\u00dftes Leid.<\/p>\n<p>Das gr\u00f6\u00dfte Leid, weil mich regelm\u00e4\u00dfig die Erkenntnis erlegt, dass ich einfach nur irgendwie mein Leben hinter mich bringen werde und am Ende hat sich nicht herausgestellt, dass ich die Erw\u00e4hlte bin und weder die Welt gerettet, noch die T\u00fcr zu Fantasia gefunden habe.<\/p>\n<p>Die gr\u00f6\u00dfte Freude, weil ich niemals Langweile erlebe, weil ich nur die Augen schlie\u00dfen muss und schon tragen mich meine Gedanken davon. Meine Fantasie gestattet mir Geschichten die ich schreibe oder h\u00f6re so lebendig zu erleben, als w\u00e4re ich dabei. Ich kann meine (ach so langweilige ) Welt noch immer mit Kinderaugen sehen \u2013 ich glaub das ist eine Begabung die so eine Seele gl\u00fccklich machen kann.<\/p>\n<p>Ich bin der Meinung, dass das Leben kurz ist und aus diesem Grund intensiv sein sollte. Nicht unbedingt extrem, aber intensiv&#8230;<\/p>\n<p>Wenn du atmest tus richtig.<\/p>\n<p>Wenn du leidest, tus mit Hingabe.<\/p>\n<p>Wenn du liebst, dann ohne Bedingung<\/p>\n<p>und wenn du hart bist, dann heul nicht, weils nicht anders ist.<\/p>\n<p>Was gibt&#8217;s noch zu sagen?<\/p>\n<p>Ich schreibe gern, ich singe gern..ich habe Computer und Red Bull S\u00fcchte, ich tanze mich aus der Welt mit Leidenschaft, ich glaube noch an Feen, ganz fest ganz fest.<\/p>\n<p>Ich bin egoistisch wie hilfsbereit, mehr vern\u00fcnftig als man mir unterstellen w\u00fcrde, ich habe wie jeder Mensch den Drang meiner Umwelt zu gefallen, es aber geschafft mich davon zu distanzieren Anderer Leute Meinung zu wichtig zu nehmen.<\/p>\n<p>Die eine H\u00e4lfte meiner Bekannten denkt vermutlich ich bin ein kopfloses, dummes, \u00fcbergeschnapptes Huhn, dass niemals erwachsen wird, dass man nicht ernstnehmen kann und das einem auf die Nerven geht \u2013 nicht zu Unrecht.<\/p>\n<p>Einige machten sich schon die M\u00fche trotz der ersten Vermutung Kontakt mit mir aufzunehmen (Hallo Ufo?) und kamen dann und wann zu dem Schluss, dass der erste Eindruck nicht zwingend meinen Charakter widerspiegelt.<\/p>\n<p>Warum ich mich trotzdem so auff\u00fchre?<\/p>\n<p>Ich denke, dass jemand, der sich von einem ersten Eindruck abschrecken l\u00e4sst, nicht zu jenen Menschen geh\u00f6rt die in meinem Leben einen Platz bekommen m\u00fcssen. Das soll nicht boshaft sein, es ist einfach eine nat\u00fcrliche Selektion. Ich lege Wert auf einen Zweite und Dritten Blick.<\/p>\n<p>Na und weil es deutlich lustiger ist unbeschwert d\u00e4mlich zu sein, als..cool, \u00fcberlegen, ernsthaft.<\/p>\n<p>Wie ich in der Essenz bin&#8230;&#8230;&#8230;.wenn ichs rausgefunden habe trau ich mich bestimmt nicht es niederzuschreiben \ud83d\ude42<\/p>\n<p>Ich bin Denk- und Empfindungsf\u00e4hig, ich bin eiskalt, wenn ich um mich oder jemandem in meinem Herzen Angst habe und brennend vor Leidenschaft wenn ich lebe. Ich kann hart sein, wenn mein Leben mich dazu n\u00f6tigt und bin im Detail so l\u00e4cherlich zerbrechlich, dass es mir ein R\u00e4tsel ist wie ich \u00fcberhaupt 30 Jahre alt werden konnte.<\/p>\n<p>Ich denke, also ..bin ich?<\/p>\n<\/div>\n<\/div>\n","protected":false},"excerpt":{"rendered":"<p>Wer ich bin und was ich tu&#8230;das frage ich mich auch immer wieder mal \ud83d\ude42 Grundlegend kann ich behaupten, dass die Summe meiner Entscheidungen, egal ob durchdachte oder intuitive, nicht so falsch gewesen sein k\u00f6nnen, weil die wichtigen Dinge im &hellip; <a href=\"http:\/\/blog.portrait-of-a-shadow.de\/?page_id=2\">Weiterlesen <span class=\"meta-nav\">&rarr;<\/span><\/a><\/p>\n","protected":false},"author":1,"featured_media":0,"parent":0,"menu_order":0,"comment_status":"open","ping_status":"open","template":"","meta":{"footnotes":""},"class_list":["post-2","page","type-page","status-publish","hentry"],"_links":{"self":[{"href":"http:\/\/blog.portrait-of-a-shadow.de\/index.php?rest_route=\/wp\/v2\/pages\/2","targetHints":{"allow":["GET"]}}],"collection":[{"href":"http:\/\/blog.portrait-of-a-shadow.de\/index.php?rest_route=\/wp\/v2\/pages"}],"about":[{"href":"http:\/\/blog.portrait-of-a-shadow.de\/index.php?rest_route=\/wp\/v2\/types\/page"}],"author":[{"embeddable":true,"href":"http:\/\/blog.portrait-of-a-shadow.de\/index.php?rest_route=\/wp\/v2\/users\/1"}],"replies":[{"embeddable":true,"href":"http:\/\/blog.portrait-of-a-shadow.de\/index.php?rest_route=%2Fwp%2Fv2%2Fcomments&post=2"}],"version-history":[{"count":2,"href":"http:\/\/blog.portrait-of-a-shadow.de\/index.php?rest_route=\/wp\/v2\/pages\/2\/revisions"}],"predecessor-version":[{"id":200,"href":"http:\/\/blog.portrait-of-a-shadow.de\/index.php?rest_route=\/wp\/v2\/pages\/2\/revisions\/200"}],"wp:attachment":[{"href":"http:\/\/blog.portrait-of-a-shadow.de\/index.php?rest_route=%2Fwp%2Fv2%2Fmedia&parent=2"}],"curies":[{"name":"wp","href":"https:\/\/api.w.org\/{rel}","templated":true}]}}