{"id":453,"date":"2018-05-15T11:17:03","date_gmt":"2018-05-15T11:17:03","guid":{"rendered":"http:\/\/blog.portrait-of-a-shadow.de\/?page_id=453"},"modified":"2018-05-15T11:17:42","modified_gmt":"2018-05-15T11:17:42","slug":"datenschutzerklaerung","status":"publish","type":"page","link":"http:\/\/blog.portrait-of-a-shadow.de\/?page_id=453","title":{"rendered":"Datenschutzerkl\u00e4rung"},"content":{"rendered":"<p><strong>Warum ich Deine Daten nicht m\u00f6chte und Dich trotzdem \u00fcber Ihre Nutzung aufkl\u00e4ren muss<\/strong><\/p>\n<p>Zum 25.05.2018 ist es soweit. Die DSGVO findet ihre Anwendung.<br \/>\nWer sich noch nicht dar\u00fcber informiert hat, sollte das jetzt tun.<\/p>\n<p>Den vollst\u00e4ndigen Gesetzestext findest Du zum Beispiel hier:<br \/>\nhttps:\/\/dsgvo-gesetz.de\/<\/p>\n<p>Kernthema der DSGVO ist der Schutz deiner personenbezogenen Daten.<br \/>\nAlso allen Informationen die du freiwillig oder unfreiwillig von dir Preis gibst<br \/>\nund damit identifizierbar wirst.<\/p>\n<p>Als Websitebesitzer von PoaS m\u00f6chte ich Dir Leser hiermit erkl\u00e4ren das ich deine Daten nicht verwende (sofern m\u00f6glich) und auch nicht m\u00f6chte.<\/p>\n<p>Ich verkaufe keinen Webspace f\u00fcr Werbung, ich tracke nicht mit Google Analytics woher Du kommst, oder ob du gerade vor einem Tablet sitzt, oder deinem Rechner, oder gerade von einem LKW \u00fcberrollt wirst weil du auf dein Handy starrst (safty first beim mobilen Surfen!)<\/p>\n<p>Ich habe die Kommentarfunktion ausgeschaltet weil ich damit Deine IP und eMailadresse erhalten w\u00fcrde. Sofern du anstatt eines Nicknames deinen Klarnamen verwenden w\u00fcrdest auch den. \u2013 Schade, vielleicht h\u00e4tte ich mich gern mit Dir unterhalten.<\/p>\n<p>Sofern Dich einer der Artikel anspricht kannst du mir weiterhin eine eMail schicken. Meine Daten muss ich ja offenlegen. Du findest sie im <a href=\"http:\/\/blog.portrait-of-a-shadow.de\/?page_id=201\">Impressum<\/a>.<\/p>\n<p>M\u00fcnchen, am 27.04.2018<\/p>\n<h3>Administration und Domaininhaber:<\/h3>\n<p>Markus Sch\u00f6nell<br \/>\nSchellenbergstr. 11<br \/>\n81547 M\u00fcnchen<br \/>\n<strong>Kontakt:<\/strong> markus(-at-)redpaintedblack.de<\/p>\n<p><strong> Hosting<\/strong><br \/>\nDie von uns in Anspruch genommenen Hosting-Leistungen dienen der Zurverf\u00fcgungstellung der folgenden Leistungen: Infrastruktur- und Plattformdienstleistungen, Rechenkapazit\u00e4t, Speicherplatz und Datenbankdienste, Sicherheitsleistungen sowie technische Wartungsleistungen, die wir zum Zwecke des Betriebs dieses Onlineangebotes einsetzen.Hierbei verarbeiten wir, bzw. unser Hostinganbieter Bestandsdaten, Kontaktdaten, Inhaltsdaten, Vertragsdaten, Nutzungsdaten, Meta- und Kommunikationsdaten von Kunden, Interessenten und Besuchern dieses Onlineangebotes auf Grundlage unserer berechtigten Interessen an einer effizienten und sicheren Zurverf\u00fcgungstellung dieses Onlineangebotes gem. Art. 6 Abs. 1 lit. f DSGVO i.V.m. Art. 28 DSGVO (Abschluss Auftragsverarbeitungsvertrag).<br \/>\n<a href=\"https:\/\/datenschutz-generator.de\/\">Erstellt mit Datenschutz-Generator.de von RA Dr. Thomas Schwenke<\/a><\/p>\n<div id=\"ts-muster-generator-titelcontent-14\">\n<p><strong>Kontaktaufnahme<\/strong><br \/>\nBei der Kontaktaufnahme mit uns (z.B. per e-Mail) werden die Angaben des Nutzers zur Bearbeitung der Kontaktanfrage und deren Abwicklung gem. Art. 6 Abs. 1 lit. b) DSGVO verarbeitet. Die Angaben der Nutzer k\u00f6nnen in einem Customer-Relationship-Management System (\u201eCRM System\u201c) oder vergleichbarer Anfragenorganisation gespeichert werden. Wir l\u00f6schen die Anfragen, sofern diese nicht mehr erforderlich sind. Wir \u00fcberpr\u00fcfen die Erforderlichkeit alle zwei Jahre; Ferner gelten die gesetzlichen Archivierungspflichten.<br \/>\n<a href=\"https:\/\/datenschutz-generator.de\/\">Erstellt mit Datenschutz-Generator.de von RA Dr. Thomas Schwenke<\/a><\/p>\n<\/div>\n","protected":false},"excerpt":{"rendered":"<p>Warum ich Deine Daten nicht m\u00f6chte und Dich trotzdem \u00fcber Ihre Nutzung aufkl\u00e4ren muss Zum 25.05.2018 ist es soweit. Die DSGVO findet ihre Anwendung. Wer sich noch nicht dar\u00fcber informiert hat, sollte das jetzt tun. Den vollst\u00e4ndigen Gesetzestext findest Du &hellip; <a href=\"http:\/\/blog.portrait-of-a-shadow.de\/?page_id=453\">Weiterlesen <span class=\"meta-nav\">&rarr;<\/span><\/a><\/p>\n","protected":false},"author":1,"featured_media":0,"parent":0,"menu_order":0,"comment_status":"closed","ping_status":"closed","template":"","meta":{"footnotes":""},"class_list":["post-453","page","type-page","status-publish","hentry"],"_links":{"self":[{"href":"http:\/\/blog.portrait-of-a-shadow.de\/index.php?rest_route=\/wp\/v2\/pages\/453","targetHints":{"allow":["GET"]}}],"collection":[{"href":"http:\/\/blog.portrait-of-a-shadow.de\/index.php?rest_route=\/wp\/v2\/pages"}],"about":[{"href":"http:\/\/blog.portrait-of-a-shadow.de\/index.php?rest_route=\/wp\/v2\/types\/page"}],"author":[{"embeddable":true,"href":"http:\/\/blog.portrait-of-a-shadow.de\/index.php?rest_route=\/wp\/v2\/users\/1"}],"replies":[{"embeddable":true,"href":"http:\/\/blog.portrait-of-a-shadow.de\/index.php?rest_route=%2Fwp%2Fv2%2Fcomments&post=453"}],"version-history":[{"count":2,"href":"http:\/\/blog.portrait-of-a-shadow.de\/index.php?rest_route=\/wp\/v2\/pages\/453\/revisions"}],"predecessor-version":[{"id":455,"href":"http:\/\/blog.portrait-of-a-shadow.de\/index.php?rest_route=\/wp\/v2\/pages\/453\/revisions\/455"}],"wp:attachment":[{"href":"http:\/\/blog.portrait-of-a-shadow.de\/index.php?rest_route=%2Fwp%2Fv2%2Fmedia&parent=453"}],"curies":[{"name":"wp","href":"https:\/\/api.w.org\/{rel}","templated":true}]}}

Datenschutzerklärung

<p><strong>Warum ich Deine Daten nicht möchte und Dich trotzdem über Ihre Nutzung aufklären muss</strong></p>
<p>Zum 25.05.2018 ist es soweit. Die DSGVO findet ihre Anwendung.<br />
Wer sich noch nicht darüber informiert hat, sollte das jetzt tun.</p>
<p>Den vollständigen Gesetzestext findest Du zum Beispiel hier:<br />
https://dsgvo-gesetz.de/</p>
<p>Kernthema der DSGVO ist der Schutz deiner personenbezogenen Daten.<br />
Also allen Informationen die du freiwillig oder unfreiwillig von dir Preis gibst<br />
und damit identifizierbar wirst.</p>
<p>Als Websitebesitzer von PoaS möchte ich Dir Leser hiermit erklären das ich deine Daten nicht verwende (sofern möglich) und auch nicht möchte.</p>
<p>Ich verkaufe keinen Webspace für Werbung, ich tracke nicht mit Google Analytics woher Du kommst, oder ob du gerade vor einem Tablet sitzt, oder deinem Rechner, oder gerade von einem LKW überrollt wirst weil du auf dein Handy starrst (safty first beim mobilen Surfen!)</p>
<p>Ich habe die Kommentarfunktion ausgeschaltet weil ich damit Deine IP und eMailadresse erhalten würde. Sofern du anstatt eines Nicknames deinen Klarnamen verwenden würdest auch den. – Schade, vielleicht hätte ich mich gern mit Dir unterhalten.</p>
<p>Sofern Dich einer der Artikel anspricht kannst du mir weiterhin eine eMail schicken. Meine Daten muss ich ja offenlegen. Du findest sie im <a href="http://blog.portrait-of-a-shadow.de/?page_id=201">Impressum</a>.</p>
<p>München, am 27.04.2018</p>
<h3>Administration und Domaininhaber:</h3>
<p>Markus Schönell<br />
Schellenbergstr. 11<br />
81547 München<br />
<strong>Kontakt:</strong> markus(-at-)redpaintedblack.de</p>
<p><strong> Hosting</strong><br />
Die von uns in Anspruch genommenen Hosting-Leistungen dienen der Zurverfügungstellung der folgenden Leistungen: Infrastruktur- und Plattformdienstleistungen, Rechenkapazität, Speicherplatz und Datenbankdienste, Sicherheitsleistungen sowie technische Wartungsleistungen, die wir zum Zwecke des Betriebs dieses Onlineangebotes einsetzen.Hierbei verarbeiten wir, bzw. unser Hostinganbieter Bestandsdaten, Kontaktdaten, Inhaltsdaten, Vertragsdaten, Nutzungsdaten, Meta- und Kommunikationsdaten von Kunden, Interessenten und Besuchern dieses Onlineangebotes auf Grundlage unserer berechtigten Interessen an einer effizienten und sicheren Zurverfügungstellung dieses Onlineangebotes gem. Art. 6 Abs. 1 lit. f DSGVO i.V.m. Art. 28 DSGVO (Abschluss Auftragsverarbeitungsvertrag).<br />
<a href="https://datenschutz-generator.de/">Erstellt mit Datenschutz-Generator.de von RA Dr. Thomas Schwenke</a></p>
<div id="ts-muster-generator-titelcontent-14">
<p><strong>Kontaktaufnahme</strong><br />
Bei der Kontaktaufnahme mit uns (z.B. per e-Mail) werden die Angaben des Nutzers zur Bearbeitung der Kontaktanfrage und deren Abwicklung gem. Art. 6 Abs. 1 lit. b) DSGVO verarbeitet. Die Angaben der Nutzer können in einem Customer-Relationship-Management System („CRM System“) oder vergleichbarer Anfragenorganisation gespeichert werden. Wir löschen die Anfragen, sofern diese nicht mehr erforderlich sind. Wir überprüfen die Erforderlichkeit alle zwei Jahre; Ferner gelten die gesetzlichen Archivierungspflichten.<br />
<a href="https://datenschutz-generator.de/">Erstellt mit Datenschutz-Generator.de von RA Dr. Thomas Schwenke</a></p>
</div>

<p>Warum ich Deine Daten nicht möchte und Dich trotzdem über Ihre Nutzung aufklären muss Zum 25.05.2018 ist es soweit. Die DSGVO findet ihre Anwendung. Wer sich noch nicht darüber informiert hat, sollte das jetzt tun. Den vollständigen Gesetzestext findest Du &hellip; <a href="http://blog.portrait-of-a-shadow.de/?page_id=453">Weiterlesen <span class="meta-nav">&rarr;</span></a></p>
